+ v). Suppose 0 = 5*z - u - 4324, 0*z = w*z + 4*u - 2599. Is z a prime number?
False
Let j(o) = 156*o + 4. Let r be 2 + 1*(-1 + 1). Let v be j(r). Suppose -u - 8 = -5*u, -u = -3*t + v. Is t prime?
False
Is (0 + -6)*(-41487)/18 a composite number?
False
Let f(p) = 2519*p - 450. Is f(13) a prime number?
True
Let l(u) = 13*u**2 + 2*u + 27. Let a(y) = -13*y**2 - y - 28. Let q(b) = 2*a(b) + 3*l(b). Is q(8) a composite number?
True
Let m = -61 + 170. Is m prime?
True
Let g(j) = 17*j**2 - 1 - 5*j**2 + 0. Is g(6) a composite number?
False
Let w = 11231 - 6076. Is w a composite number?
True
Let m = -18 + 32. Let q = m - 10. Is (1 - 1)/2 + q prime?
False
Suppose -5*i = -3 + 8. Let p = i + 4. Suppose 2*u + 3*w - 86 = 0, p*u - 2 = w + 149. Is u prime?
False
Let i = 16 + -13. Suppose i*l + 594 = 6*l. Suppose -5*h = 2*z - 153, 0*h - 3*h = -3*z + l. Is z composite?
True
Let c = 55 - -6656. Is c a composite number?
True
Suppose 4*o = 4*r + 636, -2*o + 157 = 5*r - 147. Is o a composite number?
False
Suppose -6*t + 10*t + 4*x = 4060, -15 = -3*x. Suppose -2*o - t = -3*o - p, -o + 1007 = -2*p. Is o prime?
True
Let k = -9 + 25. Is (k/24)/(4/762) composite?
False
Let f = 1 - -12. Suppose f = u - 3. Let g = u - 1. Is g a prime number?
False
Suppose 420 = -2*w + 4*x - 0*x, 0 = -5*w + 3*x - 1050. Let l = 511 - w. Is l a prime number?
False
Suppose 0*q + 4*k = -2*q + 16, 4*q - 25 = -k. Let r be (2/q)/((-3)/(-18)). Suppose -83 = -w - 4*p, 4*p + 119 = r*w - 83. Is w a composite number?
True
Is -2*(-4679)/(-2)*(24 + -31) composite?
True
Let d = 24 + -9. Is (-1058)/(-8) - d/(-20) a composite number?
True
Let p(a) = 56*a**2 + 25*a - 97. Is p(12) a composite number?
True
Suppose 6*t = h + 505576, -2*h = 8*t - 13*t + 421311. Is t a prime number?
True
Let c = -9681 + 14628. Suppose 4*v = c - 755. Is -4*1 + v/8 prime?
True
Let t be 50/(-6) + 1/3. Let u be ((-4)/t)/(2/8). Suppose -38 + 148 = u*h. Is h a composite number?
True
Let l be 1*4 - (-41 + 12). Suppose -31*y - 148 = -l*y. Is y prime?
False
Let f(w) = w**2 + w - 2. Let j be f(2). Suppose -b - 3070 = -6*b. Suppose -b = -6*z + j*z. Is z composite?
False
Let x(j) = -8*j**3 - j**2 - 2*j - 1. Let a be x(-1). Let d(s) = 56*s + 13. Let b be d(a). Let o = b + -204. Is o a prime number?
True
Is (-141810)/(-180) + (-5)/6 a composite number?
False
Let c(r) = -160*r + 1. Suppose 2*s + 4*p - 16 = 0, 0 = 4*s + p - 1 - 3. Suppose -k - 2 + 1 = s. Is c(k) prime?
False
Let f(v) be the first derivative of 1/2*v**2 + 28/3*v**3 - 5*v - 4. Is f(4) a prime number?
False
Let m(l) = 166*l**2 + 23*l - 116. Is m(9) a composite number?
False
Let z = 569 + 1190. Is z a composite number?
False
Suppose -s + o + 0 = 2, 5*s - 40 = -5*o. Suppose 3*w = 2*z + 9 - 29, 2*w = -4. Suppose 4*t - z*n - 2508 = -s*n, 1266 = 2*t + n. Is t a composite number?
False
Suppose 5*j - 13658 = -4*k, 0 = -j + 2*k - 7*k + 2719. Is j prime?
False
Is 6/(-2) + 2460 + 20 a prime number?
True
Let y = 5 - 13. Is (1 - 12/5)/(y/5480) a composite number?
True
Let o = 23 + -27. Is -4 - (-1 + o) - -222 a composite number?
False
Let j = 7 - 4. Suppose 40 + 14 = -j*a. Is 201/2*(-12)/a a prime number?
True
Let x(y) = -5*y**2 + y - 23. Let p(t) = 2*t**2 + 11. Let j(i) = -7*p(i) - 3*x(i). Let b be j(5). Is 221/b - 21/14 a prime number?
True
Suppose 2967 = h + 1156. Is h prime?
True
Suppose -9*w - 20 = -14*w. Suppose -3*f = j + 378, 2*j = -w*f - 871 + 109. Let z = 836 + j. Is z a prime number?
True
Let i(y) = 469*y + 555. Is i(14) a composite number?
False
Let n(q) = -q - 8. Let f be n(-13). Let p(m) = -20*m**3 - 5*m - m**2 + m + 14*m**3 + f. Is p(-4) prime?
True
Is 995660/100 + 4/10 a prime number?
False
Let t(k) = -k**3 + 7*k**2 + 13*k - 6. Let i be t(7). Suppose -339 = -4*u - 5*o, 208 = 3*u - 4*o - i. Is u a prime number?
False
Suppose -3*k = 8 - 8. Suppose k = -6*n + 11*n - 245. Is n prime?
False
Let j = 10624 - 785. Is j composite?
False
Let i be 20/(-70) - 37/(-7). Let v be (-3)/i - (-3386)/10. Suppose -2*t + 4*t = v. Is t a prime number?
False
Suppose -4*v + c + 313 = 0, -16*c + 18*c = 4*v - 310. Is v prime?
True
Let c be ((-2)/(-4))/(1/32). Let r be (-7)/2 - 8/c. Is 71 - (-2 - r) - 2 a prime number?
True
Let w(g) = 7*g**3 - 6*g**2 + 5*g. Let u be w(5). Let k be (5/2)/((-2)/(-448)). Suppose -2*r = 4*t - u, 3*t - r = -0*t + k. Is t a composite number?
True
Let p = -74220 + 142979. Is p prime?
False
Let v(n) = 584*n - 25. Suppose -27 - 12 = -13*g. Is v(g) a prime number?
False
Let h(z) = 2*z**2 + 6*z - 11. Let u be h(5). Suppose 4*g + 112 = 32. Let m = u + g. Is m prime?
False
Let f = 11 - 9. Suppose r + 2 = -3, -40 = -5*p - f*r. Is 332/p - 8/40 a composite number?
True
Suppose 0 = -14*a + 9*a. Suppose a = -j - 3*z + 1129, 2*j + z - 4472 = -2*j. Is j composite?
False
Let p = -31 + 9. Let b be (-3952)/(-44) - 4/p. Is (6*b)/4 - 1 a prime number?
False
Suppose 2*v - 132 - 206 = 0. Suppose -212 = -t + v. Suppose 4*s + t = 7*s. Is s prime?
True
Let l(j) = -1330*j + 99. Is l(-5) a composite number?
True
Let k be (106 + -1)*(-2)/(-3). Suppose -m + 229 = -133. Suppose 3*i - 223 = -j, i + k + m = 2*j. Is j a prime number?
False
Let y be -18*(((-4)/(-12))/1 - 1). Let f(l) = 27*l + 15. Is f(y) composite?
True
Let a(p) = -1 + 2 - 2 - 225*p - 69*p. Let h = 2 + -3. Is a(h) composite?
False
Let f = -4429 + 8603. Suppose 871 = 5*m - f. Is m a prime number?
True
Let i(u) = u + 2. Let c be i(-2). Suppose 159 = r + 5*j, 3*r - 4*j - 249 - 190 = c. Is r a composite number?
False
Let u(v) = 34*v**2 - 16*v + 20. Let p be u(9). Suppose 10603 = 3*f - p. Is f composite?
True
Let c be 1/(-3) + 4/3. Let y be c*(1 + -2)*169. Let h = y + 288. Is h composite?
True
Let s(u) = 60*u - 47. Is s(15) a prime number?
True
Let f be (-42)/1*(3 - (-6)/(-3)). Is (-2)/(56/(-64644)) + (-12)/f a prime number?
True
Suppose -2*h = -3*v + 1911, 6*h + 641 = v + 4*h. Is v a composite number?
True
Suppose -i - 4*w + 175 = -9*w, i - 3*w = 179. Is i a composite number?
True
Let l be 0 - -7 - 4/2. Suppose 16 + l = u. Is u a composite number?
True
Let t be (-1)/4*12*(-4)/6. Is (-6)/t - (-5104)/(6 + -2) a composite number?
True
Let z = 495 - 483. Let j(x) = -x**3 + 6*x**2 + 5. Let t be j(6). Suppose z*k = t*k + 1015. Is k a prime number?
False
Let f = -65 - -82. Let o(s) = s**3 - 15*s**2 - 21*s - 10. Is o(f) prime?
True
Let f(k) = 37*k - 53. Let v(n) = -111*n + 158. Let b(h) = 17*f(h) + 6*v(h). Is b(-6) a prime number?
True
Suppose 5*w - 264 = f, -2*w + 5*w + 5*f - 164 = 0. Let n = 458 + w. Is n a composite number?
True
Suppose -7*s + 859 = -2*s - 3*m, 4*m + 692 = 4*s. Let f = s + -112. Is f composite?
True
Let s(h) = 1214*h**3 + h - 2. Let w be s(1). Let x = -724 + w. Is x composite?
True
Suppose 0 = t + 2*t - 18. Let h = 14 + -18. Is (h/t)/(8/(-2868)) prime?
True
Suppose -x + 15 = -4*r - 2, r = -3*x + 12. Let h be 2 - (0 - r) - 265. Let l = 1407 + h. Is l a prime number?
False
Let n = 4157 - 2184. Is n composite?
False
Let u = 9769 - 5796. Is u a composite number?
True
Let l be ((-1)/2)/(-7*(-4)/112). Is ((-5)/20)/(l/1192) a composite number?
False
Let h be (-6 - 0) + 4 - (0 - 225). Suppose 4*r - h = 1893. Is r a composite number?
True
Let k(t) be the third derivative of t**5/60 + t**4/6 + t**3/3 - 2*t**2. Is k(11) composite?
False
Let m(f) = -f**3 - 11*f**2 + 13*f + 16. Let c be m(-12). Is (6 - c)/(-1) + 1209 composite?
True
Let c(p) = 18*p**3 - 4*p**2 + 6*p + 13. Is c(6) composite?
False
Suppose -6*w + 3*f + 620 = -4*w, -937 = -3*w + f. Let y(i) = -7*i + 37. Let v be y(5). Suppose v*b = w + 369. Is b a composite number?
True
Suppose -3*r - 5*q = -1717 - 9945, 0 = -3*r - q + 11666. Is r composite?
False
Let y be (991/2)/(5/10). Suppose y + 1142 = 3*u. Let f = u - 292. Is f a prime number?
True
Suppose -3*l = 2*v + 37, -5*l + 4*v = 5 + 20. Let o be 3/(-3 + (-28)/l). Let i = 28 + o. Is i a composite number?
True
Suppose 3*w + 4*h - 12 = h, -w = 5*h. Suppose 2*u - f - 7 = 0, -8*u + 3*f + 6 = -5*u. Suppose -u*r + w*a = 4*a - 418, 0 = -r + 3*a + 92. Is r prime?
True
Let v(w) = w**3 + 6*w**2 - 13*w + 11. Is v(16) composite?
True
Let w(b) = 45*b + 15. Let o(g) = -15*g - 5. Let n(l) = -8*o(l) - 3*w(l). Let z = 11 + -21. Is n(z) a prime number?
False
Suppose 3*y - 5*c = 77907, -5*c = 2*y - 3*c - 51938. Is y a prime number?
True
Suppose 8*f - 4